{"id":11,"date":"2023-07-01T18:14:24","date_gmt":"2023-07-01T16:14:24","guid":{"rendered":"https:\/\/sp9kup.sp9ajp.pl\/?page_id=11"},"modified":"2023-07-03T17:09:57","modified_gmt":"2023-07-03T15:09:57","slug":"o-nas","status":"publish","type":"page","link":"https:\/\/sp9kup.sp9ajp.pl\/?page_id=11","title":{"rendered":"O nas"},"content":{"rendered":"\n<p class=\"has-text-align-center has-contrast-color has-text-color\">Troch\u0119 historii oczami Stanis\u0142awa SP9SDR&#8230;.<\/p>\n\n\n\n<p>&#8222;By\u0142o nas trzech zapale\u0144c\u00f3w: ja &#8211; Staszek SP9SDR, Jurek Zakrzewski SP9CVY i Karol Cinal SP9TNH. Chcieli\u015bmy zainteresowa\u0107 m\u0142odzie\u017c naszym hobby, pokaza\u0107 jak jest ciekawe i po\u017cyteczne. Postanowili\u015bmy za\u0142o\u017cy\u0107 w Andrychowie Klub \u0141\u0105czno\u015bci. To by\u0142y lata 1988\/89<\/p>\n\n\n\n<p>Wym\u00f3g Pa\u0144stwowej Inspekcji Radiowej obecnie Urz\u0105d Komunikacji Elektronicznej by\u0142 taki, \u017ce musz\u0105 by\u0107 trzy osoby z uprawnieniami operatorskimi oraz przynale\u017cno\u015b\u0107 do jednej z organizacji pozarz\u0105dowej takiej jak: PZK, LOK lub ZHP. I tak stali\u015bmy si\u0119 cz\u0142onkami Ligi Obrony Kraju <\/p>\n\n\n\n<p>Pocz\u0105tki by\u0142y trudne, poniewa\u017c brakowa\u0142o sprz\u0119tu. Pierwsze \u0142\u0105czno\u015bci prowadzili\u015bmy na urz\u0105dzeniu, kt\u00f3re sam zrobi\u0142em wg opisu &#8211; BARTEK. <\/p>\n\n\n\n<p>Po jakim\u015b czasie naszej dzia\u0142alno\u015bci podj\u0119li\u015bmy wsp\u00f3\u0142prac\u0119 z by\u0142\u0105 Pani\u0105 dyrektor Centrum Kultury i Wypoczynku w Andrychowie, kt\u00f3r\u0105 bardzo mi\u0142o wspominam. My anga\u017cowali\u015bmy m\u0142odzie\u017c, dzieciaki mia\u0142y miejsce do rozwijania swoich zainteresowa\u0144 a my w zamian lokal i dost\u0119p do sprz\u0119tu. Podj\u0119li\u015bmy r\u00f3wnie\u017c wsp\u00f3\u0142prac\u0119  z Urz\u0119dem Miasta Andrych\u00f3w, z Obron\u0105 Cywiln\u0105, kt\u00f3ra to wsp\u00f3\u0142praca tak\u017ce przyczyni\u0142a si\u0119 do rozwoju naszego Klubu. By\u0142 okres gdzie by\u0142o nas ponad 30 os\u00f3b. <\/p>\n\n\n\n<p>Pierwszym prezesem klubu by\u0142 Karol Cinal, p\u00f3\u017aniej ja, kolejno Mariusz Zieli\u0144ski a obecnie Roman \u0106wiartka. Klub wiele razy zmienia\u0142 lokalizacj\u0119 a\u017c  w ko\u0144cu trafili\u015bmy na Starowiejsk\u0105 22b. <\/p>\n\n\n\n<p><\/p>\n\n\n\n<p><\/p>\n","protected":false},"excerpt":{"rendered":"<p>Troch\u0119 historii oczami Stanis\u0142awa SP9SDR&#8230;. &#8222;By\u0142o nas trzech zapale\u0144c\u00f3w: ja &#8211; Staszek SP9SDR, Jurek Zakrzewski SP9CVY i Karol Cinal SP9TNH. &#8230; <\/p>\n<p class=\"read-more-container\"><a title=\"O nas\" class=\"read-more button\" href=\"https:\/\/sp9kup.sp9ajp.pl\/?page_id=11#more-11\" aria-label=\"More on O nas\">Zobacz wi\u0119cej<\/a><\/p>\n","protected":false},"author":1,"featured_media":0,"parent":0,"menu_order":0,"comment_status":"closed","ping_status":"closed","template":"","meta":{"footnotes":""},"class_list":["post-11","page","type-page","status-publish"],"_links":{"self":[{"href":"https:\/\/sp9kup.sp9ajp.pl\/index.php?rest_route=\/wp\/v2\/pages\/11","targetHints":{"allow":["GET"]}}],"collection":[{"href":"https:\/\/sp9kup.sp9ajp.pl\/index.php?rest_route=\/wp\/v2\/pages"}],"about":[{"href":"https:\/\/sp9kup.sp9ajp.pl\/index.php?rest_route=\/wp\/v2\/types\/page"}],"author":[{"embeddable":true,"href":"https:\/\/sp9kup.sp9ajp.pl\/index.php?rest_route=\/wp\/v2\/users\/1"}],"replies":[{"embeddable":true,"href":"https:\/\/sp9kup.sp9ajp.pl\/index.php?rest_route=%2Fwp%2Fv2%2Fcomments&post=11"}],"version-history":[{"count":4,"href":"https:\/\/sp9kup.sp9ajp.pl\/index.php?rest_route=\/wp\/v2\/pages\/11\/revisions"}],"predecessor-version":[{"id":297,"href":"https:\/\/sp9kup.sp9ajp.pl\/index.php?rest_route=\/wp\/v2\/pages\/11\/revisions\/297"}],"wp:attachment":[{"href":"https:\/\/sp9kup.sp9ajp.pl\/index.php?rest_route=%2Fwp%2Fv2%2Fmedia&parent=11"}],"curies":[{"name":"wp","href":"https:\/\/api.w.org\/{rel}","templated":true}]}}